[INFO] cloning repository https://github.com/theban/db-server
[INFO] running `Command { std: "git" "-c" "credential.helper=" "-c" "credential.helper=/workspace/cargo-home/bin/git-credential-null" "clone" "--bare" "https://github.com/theban/db-server" "/workspace/cache/git-repos/https%3A%2F%2Fgithub.com%2Ftheban%2Fdb-server", kill_on_drop: false }`
[INFO] [stderr] Cloning into bare repository '/workspace/cache/git-repos/https%3A%2F%2Fgithub.com%2Ftheban%2Fdb-server'...
[INFO] running `Command { std: "git" "rev-parse" "HEAD", kill_on_drop: false }`
[INFO] [stdout] c460d7c3fb8f34d231716b641a43ea802f26961a
[INFO] checking theban/db-server against try#72f88fc4e9458f89516a0b8b0868f3718aec5b47 for pr-74989
[INFO] running `Command { std: "git" "clone" "/workspace/cache/git-repos/https%3A%2F%2Fgithub.com%2Ftheban%2Fdb-server" "/workspace/builds/worker-6/source", kill_on_drop: false }`
[INFO] [stderr] Cloning into '/workspace/builds/worker-6/source'...
[INFO] [stderr] done.
[INFO] validating manifest of git repo https://github.com/theban/db-server on toolchain 72f88fc4e9458f89516a0b8b0868f3718aec5b47
[INFO] running `Command { std: "/workspace/cargo-home/bin/cargo" "+72f88fc4e9458f89516a0b8b0868f3718aec5b47" "read-manifest" "--manifest-path" "Cargo.toml", kill_on_drop: false }`
[INFO] started tweaking git repo https://github.com/theban/db-server
[INFO] finished tweaking git repo https://github.com/theban/db-server
[INFO] tweaked toml for git repo https://github.com/theban/db-server written to /workspace/builds/worker-6/source/Cargo.toml
[INFO] crate git repo https://github.com/theban/db-server already has a lockfile, it will not be regenerated
[INFO] running `Command { std: "/workspace/cargo-home/bin/cargo" "+72f88fc4e9458f89516a0b8b0868f3718aec5b47" "fetch" "--locked" "--manifest-path" "Cargo.toml", kill_on_drop: false }`
[INFO] [stderr] error: the lock file /workspace/builds/worker-6/source/Cargo.lock needs to be updated but --locked was passed to prevent this
[INFO] [stderr] If you want to try to generate the lock file without accessing the network, use the --offline flag.
[INFO] the lockfile is outdated, regenerating it
[INFO] running `Command { std: "/workspace/cargo-home/bin/cargo" "+72f88fc4e9458f89516a0b8b0868f3718aec5b47" "generate-lockfile" "--manifest-path" "Cargo.toml" "-Zno-index-update", kill_on_drop: false }`
[INFO] running `Command { std: "/workspace/cargo-home/bin/cargo" "+72f88fc4e9458f89516a0b8b0868f3718aec5b47" "fetch" "--locked" "--manifest-path" "Cargo.toml", kill_on_drop: false }`
[INFO] [stderr]  Downloading crates ...
[INFO] [stderr]   Downloaded unix_socket v0.5.0
[INFO] [stderr]   Downloaded rmp-serialize v0.7.0
[INFO] [stderr]   Downloaded theban_interval_tree v0.7.1
[INFO] [stderr]   Downloaded byteorder v0.4.2
[INFO] [stderr]   Downloaded argparse v0.2.2
[INFO] [stderr]   Downloaded rmp v0.7.5
[INFO] [stderr]   Downloaded memrange v0.1.3
[INFO] [stderr]   Downloaded theban_db v0.7.0
[INFO] running `Command { std: "docker" "create" "-v" "/var/lib/crater-agent-workspace/builds/worker-6/target:/opt/rustwide/target:rw,Z" "-v" "/var/lib/crater-agent-workspace/builds/worker-6/source:/opt/rustwide/workdir:ro,Z" "-v" "/var/lib/crater-agent-workspace/cargo-home:/opt/rustwide/cargo-home:ro,Z" "-v" "/var/lib/crater-agent-workspace/rustup-home:/opt/rustwide/rustup-home:ro,Z" "-e" "SOURCE_DIR=/opt/rustwide/workdir" "-e" "CARGO_TARGET_DIR=/opt/rustwide/target" "-e" "CARGO_HOME=/opt/rustwide/cargo-home" "-e" "RUSTUP_HOME=/opt/rustwide/rustup-home" "-w" "/opt/rustwide/workdir" "-m" "1610612736" "--user" "0:0" "--network" "none" "rustops/crates-build-env@sha256:d92eaeed33fa75130ca1ee6c8a01d1ffb62bac859dfdfb3450e3e5d1c0146529" "/opt/rustwide/cargo-home/bin/cargo" "+72f88fc4e9458f89516a0b8b0868f3718aec5b47" "metadata" "--no-deps" "--format-version=1", kill_on_drop: false }`
[INFO] [stdout] a9d8adf320d54e740f20eeb24163479691d6d3e86ac6558e4f07014b6cb47cab
[INFO] [stderr] WARNING: Your kernel does not support swap limit capabilities or the cgroup is not mounted. Memory limited without swap.
[INFO] running `Command { std: "docker" "start" "-a" "a9d8adf320d54e740f20eeb24163479691d6d3e86ac6558e4f07014b6cb47cab", kill_on_drop: false }`
[INFO] running `Command { std: "docker" "inspect" "a9d8adf320d54e740f20eeb24163479691d6d3e86ac6558e4f07014b6cb47cab", kill_on_drop: false }`
[INFO] running `Command { std: "docker" "rm" "-f" "a9d8adf320d54e740f20eeb24163479691d6d3e86ac6558e4f07014b6cb47cab", kill_on_drop: false }`
[INFO] [stdout] a9d8adf320d54e740f20eeb24163479691d6d3e86ac6558e4f07014b6cb47cab
[INFO] running `Command { std: "docker" "create" "-v" "/var/lib/crater-agent-workspace/builds/worker-6/target:/opt/rustwide/target:rw,Z" "-v" "/var/lib/crater-agent-workspace/builds/worker-6/source:/opt/rustwide/workdir:ro,Z" "-v" "/var/lib/crater-agent-workspace/cargo-home:/opt/rustwide/cargo-home:ro,Z" "-v" "/var/lib/crater-agent-workspace/rustup-home:/opt/rustwide/rustup-home:ro,Z" "-e" "SOURCE_DIR=/opt/rustwide/workdir" "-e" "CARGO_TARGET_DIR=/opt/rustwide/target" "-e" "CARGO_INCREMENTAL=0" "-e" "RUST_BACKTRACE=full" "-e" "RUSTFLAGS=--cap-lints=forbid" "-e" "CARGO_HOME=/opt/rustwide/cargo-home" "-e" "RUSTUP_HOME=/opt/rustwide/rustup-home" "-w" "/opt/rustwide/workdir" "-m" "1610612736" "--user" "0:0" "--network" "none" "rustops/crates-build-env@sha256:d92eaeed33fa75130ca1ee6c8a01d1ffb62bac859dfdfb3450e3e5d1c0146529" "/opt/rustwide/cargo-home/bin/cargo" "+72f88fc4e9458f89516a0b8b0868f3718aec5b47" "check" "--frozen" "--all" "--all-targets" "--message-format=json", kill_on_drop: false }`
[INFO] [stdout] 02a8cf8840bc793cca87b5aeda464e5154402e2d71486fe1f2205bf465b3bd28
[INFO] [stderr] WARNING: Your kernel does not support swap limit capabilities or the cgroup is not mounted. Memory limited without swap.
[INFO] running `Command { std: "docker" "start" "-a" "02a8cf8840bc793cca87b5aeda464e5154402e2d71486fe1f2205bf465b3bd28", kill_on_drop: false }`
[INFO] [stderr]     Checking rustc-serialize v0.3.24
[INFO] [stderr]     Checking byteorder v0.4.2
[INFO] [stderr]     Checking argparse v0.2.2
[INFO] [stderr]    Compiling num-traits v0.2.12
[INFO] [stderr]     Checking rand v0.4.6
[INFO] [stderr]     Checking unix_socket v0.5.0
[INFO] [stderr]     Checking rmp v0.7.5
[INFO] [stderr]     Checking rand v0.3.23
[INFO] [stderr]     Checking rmp v0.8.9
[INFO] [stderr]     Checking memrange v0.1.3
[INFO] [stderr]     Checking theban_interval_tree v0.7.1
[INFO] [stderr]     Checking rmp-serialize v0.7.0
[INFO] [stdout] error[E0432]: unresolved imports `rmp::decode::ReadError`, `rmp::decode::FixedValueReadError`, `rmp::decode::read_u8_fit`, `rmp::decode::read_u16_fit`, `rmp::decode::read_u32_fit`, `rmp::decode::read_u64_fit`, `rmp::decode::read_i8_fit`, `rmp::decode::read_i16_fit`, `rmp::decode::read_i32_fit`, `rmp::decode::read_i64_fit`, `rmp::decode::read_str_data`, `rmp::decode::read_array_size`, `rmp::decode::read_map_size`
[INFO] [stdout]   --> /opt/rustwide/cargo-home/registry/src/github.com-1ecc6299db9ec823/rmp-serialize-0.7.0/src/decode.rs:10:5
[INFO] [stdout]    |
[INFO] [stdout] 10 |     ReadError,
[INFO] [stdout]    |     ^^^^^^^^^ no `ReadError` in `decode`
[INFO] [stdout] 11 |     FixedValueReadError,
[INFO] [stdout]    |     ^^^^^^^^^^^^^^^^^^^ no `FixedValueReadError` in `decode`
[INFO] [stdout] ...
[INFO] [stdout] 16 |     read_u8_fit,
[INFO] [stdout]    |     ^^^^^^^^^^^ no `read_u8_fit` in `decode`
[INFO] [stdout] 17 |     read_u16_fit,
[INFO] [stdout]    |     ^^^^^^^^^^^^ no `read_u16_fit` in `decode`
[INFO] [stdout] 18 |     read_u32_fit,
[INFO] [stdout]    |     ^^^^^^^^^^^^ no `read_u32_fit` in `decode`
[INFO] [stdout] 19 |     read_u64_fit,
[INFO] [stdout]    |     ^^^^^^^^^^^^ no `read_u64_fit` in `decode`
[INFO] [stdout] 20 |     read_i8_fit,
[INFO] [stdout]    |     ^^^^^^^^^^^ no `read_i8_fit` in `decode`
[INFO] [stdout] 21 |     read_i16_fit,
[INFO] [stdout]    |     ^^^^^^^^^^^^ no `read_i16_fit` in `decode`
[INFO] [stdout] 22 |     read_i32_fit,
[INFO] [stdout]    |     ^^^^^^^^^^^^ no `read_i32_fit` in `decode`
[INFO] [stdout] 23 |     read_i64_fit,
[INFO] [stdout]    |     ^^^^^^^^^^^^ no `read_i64_fit` in `decode`
[INFO] [stdout] ...
[INFO] [stdout] 27 |     read_str_data,
[INFO] [stdout]    |     ^^^^^^^^^^^^^
[INFO] [stdout] 28 |     read_array_size,
[INFO] [stdout]    |     ^^^^^^^^^^^^^^^
[INFO] [stdout] 29 |     read_map_size,
[INFO] [stdout]    |     ^^^^^^^^^^^^^
[INFO] [stdout]    |
[INFO] [stdout] help: a similar name exists in the module
[INFO] [stdout]    |
[INFO] [stdout] 11 |     ValueReadError,
[INFO] [stdout]    |     ^^^^^^^^^^^^^^
[INFO] [stdout] help: a similar name exists in the module
[INFO] [stdout]    |
[INFO] [stdout] 17 |     read_u16,
[INFO] [stdout]    |     ^^^^^^^^
[INFO] [stdout] help: a similar name exists in the module
[INFO] [stdout]    |
[INFO] [stdout] 18 |     read_u32,
[INFO] [stdout]    |     ^^^^^^^^
[INFO] [stdout] help: a similar name exists in the module
[INFO] [stdout]    |
[INFO] [stdout] 19 |     read_u64,
[INFO] [stdout]    |     ^^^^^^^^
[INFO] [stdout] help: a similar name exists in the module
[INFO] [stdout]    |
[INFO] [stdout] 21 |     read_i16,
[INFO] [stdout]    |     ^^^^^^^^
[INFO] [stdout] help: a similar name exists in the module
[INFO] [stdout]    |
[INFO] [stdout] 22 |     read_i32,
[INFO] [stdout]    |     ^^^^^^^^
[INFO] [stdout] help: a similar name exists in the module
[INFO] [stdout]    |
[INFO] [stdout] 23 |     read_i64,
[INFO] [stdout]    |     ^^^^^^^^
[INFO] [stdout] 
[INFO] [stdout] 
[INFO] [stdout] error[E0432]: unresolved import `rmp::encode::write_sint_eff`
[INFO] [stdout]   --> /opt/rustwide/cargo-home/registry/src/github.com-1ecc6299db9ec823/rmp-serialize-0.7.0/src/encode.rs:13:5
[INFO] [stdout]    |
[INFO] [stdout] 13 |     write_sint_eff,
[INFO] [stdout]    |     ^^^^^^^^^^^^^^
[INFO] [stdout]    |     |
[INFO] [stdout]    |     no `write_sint_eff` in `encode`
[INFO] [stdout]    |     help: a similar name exists in the module: `write_sint`
[INFO] [stdout] 
[INFO] [stdout] 
[INFO] [stdout] error[E0432]: unresolved imports `rmp::encode::FixedValueWriteError`, `rmp::encode::WriteError`
[INFO] [stdout]   --> /opt/rustwide/cargo-home/registry/src/github.com-1ecc6299db9ec823/rmp-serialize-0.7.0/src/encode.rs:19:5
[INFO] [stdout]    |
[INFO] [stdout] 19 |     FixedValueWriteError,
[INFO] [stdout]    |     ^^^^^^^^^^^^^^^^^^^^
[INFO] [stdout]    |     |
[INFO] [stdout]    |     no `FixedValueWriteError` in `encode`
[INFO] [stdout]    |     help: a similar name exists in the module: `ValueWriteError`
[INFO] [stdout] 20 |     ValueWriteError,
[INFO] [stdout] 21 |     WriteError,
[INFO] [stdout]    |     ^^^^^^^^^^ no `WriteError` in `encode`
[INFO] [stdout] 
[INFO] [stdout] 
[INFO] [stderr]     Checking theban_db v0.7.0
[INFO] [stdout] error[E0599]: no variant or associated item named `InvalidDataCopy` found for enum `DecodeStringError<'_>` in the current scope
[INFO] [stdout]   --> /opt/rustwide/cargo-home/registry/src/github.com-1ecc6299db9ec823/rmp-serialize-0.7.0/src/decode.rs:93:32
[INFO] [stdout]    |
[INFO] [stdout] 93 |             DecodeStringError::InvalidDataCopy(..) => Error::Uncategorized("InvalidDataCopy".to_string()),
[INFO] [stdout]    |                                ^^^^^^^^^^^^^^^
[INFO] [stdout]    |                                |
[INFO] [stdout]    |                                variant or associated item not found in `DecodeStringError<'_>`
[INFO] [stdout]    |                                help: there is a variant with a similar name: `InvalidDataRead`
[INFO] [stdout] 
[INFO] [stdout] 
[INFO] [stdout] error: aborting due to 4 previous errors
[INFO] [stdout] 
[INFO] [stdout] 
[INFO] [stdout] Some errors have detailed explanations: E0432, E0599.
[INFO] [stdout] 
[INFO] [stdout] For more information about an error, try `rustc --explain E0432`.
[INFO] [stdout] 
[INFO] [stderr] error: could not compile `rmp-serialize`.
[INFO] [stderr] 
[INFO] [stderr] To learn more, run the command again with --verbose.
[INFO] [stderr] warning: build failed, waiting for other jobs to finish...
[INFO] [stderr] error: build failed
[INFO] running `Command { std: "docker" "inspect" "02a8cf8840bc793cca87b5aeda464e5154402e2d71486fe1f2205bf465b3bd28", kill_on_drop: false }`
[INFO] running `Command { std: "docker" "rm" "-f" "02a8cf8840bc793cca87b5aeda464e5154402e2d71486fe1f2205bf465b3bd28", kill_on_drop: false }`
[INFO] [stdout] 02a8cf8840bc793cca87b5aeda464e5154402e2d71486fe1f2205bf465b3bd28
